alse
Is 11341103 prime?
True
Is 365588873 a composite number?
True
Is 16588987 prime?
False
Is 864069 a composite number?
True
Is 1169863 a prime number?
False
Is 235957 a composite number?
True
Is 124887031 prime?
False
Is 113180647 a composite number?
False
Is 52205219 prime?
False
Is 3349903 prime?
True
Is 54641 composite?
True
Is 218653 composite?
True
Is 14687041 a prime number?
False
Is 64207529 a composite number?
False
Is 18981493 prime?
True
Is 10312673 a prime number?
False
Is 3571289 a composite number?
False
Is 2938093 composite?
True
Is 32865181 prime?
True
Is 60577397 prime?
True
Is 2343739 a composite number?
True
Is 712633 composite?
True
Is 2869469 a prime number?
False
Is 9826417 composite?
False
Is 20647921 composite?
True
Is 3725041 composite?
False
Is 1402859 a prime number?
True
Is 282689431 composite?
True
Is 17132315 a prime number?
False
Is 8779139 prime?
True
Is 19634731 a composite number?
True
Is 10655189 a prime number?
True
Is 4664773 a prime number?
False
Is 678227 composite?
True
Is 222928113 a prime number?
False
Is 10144823 prime?
False
Is 726893 a prime number?
True
Is 14076331 a composite number?
True
Is 911630689 composite?
True
Is 168602439 a prime number?
False
Is 83111617 prime?
True
Is 7059433 composite?
False
Is 399637451 composite?
True
Is 230928839 composite?
False
Is 153178649 a prime number?
False
Is 51373043 a prime number?
False
Is 257135119 prime?
True
Is 3897643 prime?
False
Is 56865274 composite?
True
Is 13049093 composite?
False
Is 7063085 a prime number?
False
Is 17372111 prime?
False
Is 6201037 a composite number?
False
Is 52221553 a composite number?
False
Is 34547599 composite?
False
Is 10390649 prime?
False
Is 9544933 prime?
False
Is 323950103 composite?
False
Is 1904209 a composite number?
True
Is 1750733 prime?
True
Is 11130653 composite?
True
Is 165415 a prime number?
False
Is 56240159 a prime number?
False
Is 12452603 composite?
True
Is 29443507 composite?
True
Is 594091 a composite number?
False
Is 20399699 a composite number?
False
Is 37436761 prime?
False
Is 49260661 a prime number?
False
Is 16481383 a prime number?
True
Is 29636777 composite?
False
Is 42914357 a prime number?
True
Is 1520639 prime?
True
Is 797947 a prime number?
True
Is 6268589 prime?
True
Is 35165723 composite?
False
Is 3416683 a prime number?
True
Is 29161771 a prime number?
False
Is 6540091 a composite number?
True
Is 9636889 a composite number?
False
Is 276407441 prime?
True
Is 11995483 a prime number?
False
Is 14217107 prime?
True
Is 103319 a prime number?
True
Is 38357587 prime?
False
Is 579639245 a prime number?
False
Is 2957417 a prime number?
True
Is 8667929 a composite number?
False
Is 338531 composite?
False
Is 348149 composite?
False
Is 833801 composite?
False
Is 1296869 composite?
True
Is 451808485 prime?
False
Is 58645319 prime?
True
Is 8262857 composite?
False
Is 73865881 a prime number?
True
Is 1889529 a prime number?
False
Is 13840937 a prime number?
False
Is 26132677 prime?
True
Is 2609949 prime?
False
Is 54035999 a prime number?
True
Is 15421897 prime?
True
Is 6612119 composite?
False
Is 18926701 prime?
True
Is 297542023 prime?
False
Is 2650897 prime?
True
Is 129655223 composite?
False
Is 59033033 composite?
True
Is 602221 a prime number?
True
Is 20613647 composite?
False
Is 74460653 composite?
False
Is 288829 composite?
True
Is 87818903 prime?
True
Is 15836077 composite?
True
Is 221042377 a composite number?
False
Is 47379611 composite?
False
Is 30064633 composite?
True
Is 35641621 a composite number?
True
Is 144977407 prime?
True
Is 868487 a prime number?
True
Is 1168001 a composite number?
False
Is 145123247 a composite number?
False
Is 59115421 prime?
True
Is 78066061 a prime number?
True
Is 125011 a composite number?
True
Is 73164487 a prime number?
False
Is 6424547 prime?
True
Is 22437827 composite?
False
Is 304790113 a composite number?
True
Is 9716791 composite?
True
Is 6428189 prime?
True
Is 14529479 a prime number?
False
Is 142723981 composite?
False
Is 2416391 prime?
True
Is 31998467 a prime number?
True
Is 6314753 prime?
False
Is 6604081 composite?
True
Is 164439311 composite?
False
Is 1115011 a composite number?
False
Is 24272033 a composite number?
False
Is 28431829 prime?
True
Is 39523 a composite number?
True
Is 1103819 a composite number?
True
Is 45331151 a composite number?
False
Is 51169583 a prime number?
False
Is 57784229 a composite number?
True
Is 2887873 a composite number?
True
Is 16113599 composite?
False
Is 329524094 a prime number?
False
Is 6010033 a composite number?
False
Is 5421785 composite?
True
Is 35080714 composite?
True
Is 12444571 a composite number?
False
Is 1609037 composite?
False
Is 2831501 a prime number?
False
Is 2049407 a composite number?
False
Is 368635 prime?
False
Is 175371667 prime?
True
Is 73693 prime?
True
Is 9790919 a prime number?
True
Is 12738239 prime?
True
Is 1307758 prime?
False
Is 54549167 composite?
True
Is 37125115 a composite number?
True
Is 315307 a prime number?
False
Is 156265387 a prime number?
True
Is 4145081 prime?
False
Is 6928687 a prime number?
False
Is 9178159 prime?
False
Is 1443899 a composite number?
False
Is 195654413 a prime number?
True
Is 4184303 a prime number?
True
Is 231147473 composite?
True
Is 21077047 a prime number?
False
Is 862488887 prime?
False
Is 2426999 a prime number?
False
Is 60618853 a composite number?
True
Is 49108877 composite?
False
Is 111483329 a prime number?
False
Is 54929389 composite?
False
Is 86900257 prime?
True
Is 43982099 prime?
False
Is 3927697 composite?
True
Is 9251393 a prime number?
False
Is 94525521 prime?
False
Is 296130841 a prime number?
False
Is 123827813 prime?
False
Is 57805399 a composite number?
False
Is 33585001 a composite number?
False
Is 492627631 a prime number?
False
Is 101156567 prime?
False
Is 9500171 prime?
False
Is 116221471 a composite number?
False
Is 116993717 a prime number?
True
Is 250253 composite?
False
Is 104459 composite?
False
Is 57897689 composite?
False
Is 514354577 a prime number?
False
Is 449731221 composite?
True
Is 8944883 prime?
True
Is 1741213 prime?
True
Is 3946177 prime?
True
Is 65962383 a composite number?
True
Is 1882183 composite?
False
Is 2739013 prime?
True
Is 249114091 composite?
False
Is 189541 a composite number?
True
Is 16787 prime?
True
Is 83350139 a prime number?
True
Is 6134717 composite?
True
Is 20341031 a prime number?
False
Is 678785603 composite?
True
Is 13326827 a prime number?
False
Is 6441949 composite?
False
Is 1053691 a prime number?
True
Is 7260257 a composite number?
True
Is 642006881 a prime number?
True
Is 954181 composite?
False
Is 12678863 a prime number?
True
Is 219057063 a composite number?
True
Is 985762723 a composite number?
True
Is 16946183 prime?
True
Is 8866238 prime?
False
Is 5206739 composite?
False
Is 1433309 a prime number?
True
Is 15070967 prime?
False
Is 14819111 prime?
True
Is 4721167 a prime number?
False
Is 9890493 a prime number?
False
Is 86355221 prime?
True
Is 41484829 prime?
False
Is 117319 a prime number?
True
Is 2975047 a prime number?
True
Is 254430469 a composite number?
True
Is 31898731 composite?
False
Is 6307201 prime?
False
Is 6328459 prime?
True
Is 27793169 a composite number?
False
Is 172400443 prime?
False
Is 49436378 a prime number?
False
Is 9647201 a composite number?
True
Is 120319 a prime number?
True
Is 924551 composite?
False
Is 7262419 composite?
False
Is 2936651 a prime number?
False
Is 135913133 a prime number?
True
Is 375637 a prime number?
False
Is 304446119 a composite number?
True
Is 404748559 composite?
False
Is 11034451 a composite number?
False
Is 104954623 composite?
True
Is 70708501 prime?
True
Is 128542931 a prime number?
False
Is 971713 a prime number?
True
Is 55151221 a composite number?
False
Is 428329119 composite?
True
Is 3195217 a prime number?
True
Is 6602433 composite?
True
Is 76142873 composite?
False
Is 1326809 prime?
False
Is 298399 prime?
True
Is 578411261 composite?
False
Is 150517 composite?
False
Is 18074341 composite?
False
Is 24938987 composite?
True
Is 523643 a composite number?
True
Is 839131 a prime number?
True
Is 209122169 a composite number?
False
Is 140460191 composite?
False
Is 6167521 prime?
True
Is 28175117 prime?
False
Is 60897091 a compo